se
Suppose -5*x + 3*t + 43 = 0, 5*x - 4*t - 45 = -1. Is 25 - 1/(4/x) prime?
True
Let g(h) = 20*h**3 - h**2 - 9*h - 9. Is g(4) a prime number?
False
Suppose 12719 = 3*h + 10*j - 6*j, -8483 = -2*h + j. Is h a prime number?
True
Let l = -8 - -23. Let o be ((-44240)/l)/7*-3. Suppose 2*r - 2544 = 3*n - 7*n, 3*r + o = 2*n. Is n a prime number?
False
Let k(x) = 375*x + 386. Is k(21) a prime number?
False
Let z(p) = 3*p - 2. Let c be z(2). Let i(n) = 9*n**2 + 7*n - 5. Is i(c) a prime number?
True
Is (-2)/14*-2 + 1130670/238 a prime number?
True
Let z be 120/9*(-6)/(-4). Suppose z + 5 = 5*u. Let q(j) = j**3 - j**2 - 6*j + 1. Is q(u) prime?
True
Let v = 653 + 325. Suppose -210 = -k + 3*n, 3*n = -k - 4*k + v. Suppose 1537 = 5*y - k. Is y a composite number?
False
Let w(l) = -4*l + 1778. Let c be w(0). Suppose -4*b - c = -6*b. Is b a prime number?
False
Let b = 6194 + -1206. Suppose -659 = 9*h - b. Is h prime?
False
Let j be (2/2)/(1/(-9)). Let l(z) = z**3 + 3*z**2 - 5*z - 3. Let m be l(-4). Is ((-485)/15)/(m/j) a composite number?
True
Is 0 - (26183/(-4) - 40/32) a prime number?
True
Let n(d) = 2819*d - 44. Is n(5) composite?
False
Let t = -3205 + 4577. Suppose 3*l - 5*g - 1173 = 0, 3*l + 199 = -5*g + t. Is l composite?
True
Let m be (-6)/(-1 - 0) + -1. Suppose -2*l + c = l - 7, 0 = -2*l + c + m. Suppose 0*o = -5*q + l*o + 2137, 2*o = q - 429. Is q a prime number?
False
Let u be 2 - (-1)/1 - 10250/(-5). Suppose -4*j - 673 = -w - 0*j, -3*w - 5*j = -u. Is w a composite number?
True
Let z = 34 - 35. Let w(x) = 540*x**2 - 3*x - 2. Is w(z) a prime number?
True
Is 2/(2/97427*11) prime?
False
Let w be 0 - 1 - (-3 - -2). Let x be 1 + 0 + w/(-5). Is -109*(0/x - 1) a composite number?
False
Let t = 10841 + -6220. Is t a composite number?
False
Is (381 - 0)*(-90)/(-135) a prime number?
False
Suppose -l = -2*l - 14. Let g = 212 + l. Suppose 0 = 5*o - g - 217. Is o a prime number?
True
Let u = 71540 + -35745. Is u composite?
True
Let i = 12 + -8. Let y(u) = 549*u - 2. Let s be y(i). Suppose -5*p - o + s = -4*o, -4*o - 12 = 0. Is p composite?
True
Let h(x) = -2*x + 2. Suppose -4*c - 5 - 7 = 0. Let g be h(c). Suppose -g*n + 4*n + 2348 = 0. Is n composite?
False
Is 11 + (0 + -9 - -20003) composite?
True
Suppose -8*u - 3632 = -27280. Suppose 2*b = -2*b + u. Is b composite?
False
Suppose 23*l - 296757 = 172190. Is l a prime number?
True
Let z(f) be the second derivative of -94*f**3/3 - f**2/2 - 5*f. Is z(-4) a composite number?
False
Let k(z) = 6*z**3 + 2*z**2 + 7*z - 11. Let m be k(3). Let o = 309 - m. Is o a prime number?
False
Let b = 19 - 3. Let u = b + -11. Suppose 2*s - u*s = -246. Is s a composite number?
True
Let y(u) = u**2 - u - 1. Let c be (-2)/(3 + 3/(-3)). Let n(t) = -18*t**3 + t**2 + t - 5. Let j(a) = c*n(a) + 2*y(a). Is j(2) a composite number?
True
Let z = 0 + 4. Suppose 1164 + 360 = z*f. Is f a prime number?
False
Let o be 1/2 + 7551/18. Suppose -o = -5*g + 1150. Is (g/6)/((-6)/(-18)) composite?
False
Let q = 20 - 10. Suppose 0 = -5*v - q, i + v = 9 - 1. Is 912/i + 1/(-5) prime?
False
Let s(h) = h**3 + 31*h**2 + 109*h - 14. Is s(-17) prime?
True
Suppose -5*o = -3*c - 6 + 15, -3*c + 9 = o. Suppose -i + 2*b + 763 = o, 0 = 3*i + b + 13 - 2316. Is i a prime number?
False
Let l = -3 + -9. Let i be (-4)/l + (-748)/(-6). Suppose 0 = -5*k + q + 1117, -q = 2*k + i - 569. Is k a prime number?
True
Suppose 3*k = -4*q + 33619, 0*k + 2*k = -6. Is q prime?
False
Let c = 881 + 6314. Suppose 17*w - 12*w = c. Is w prime?
True
Suppose 4*h = 7*h - 6. Let w(r) = -11*r. Let i be w(h). Let b = 15 - i. Is b a prime number?
True
Suppose 0 = -i - 4*k + 108, 0 = 2*i + k - 5*k - 168. Let n = 160 - i. Suppose -616 = -2*g - f, -2*f + 550 = 2*g - n. Is g a prime number?
True
Let o = -28 + 28. Suppose -7*y + 2261 + 518 = o. Suppose -t - 66 = -y. Is t prime?
True
Let z be 4/10 + (-228)/20. Let s(d) = -10*d - 9 + d + d. Is s(z) prime?
True
Let v be 71*1*(-2 + 3). Let p = -32 + v. Suppose 0 = j + x - p, 5*x = 4*j + 49 - 169. Is j prime?
False
Suppose 2*f - 3*m - m + 20 = 0, -m = 2. Let i = 15 + f. Is (i + 1)*382/4 a prime number?
True
Let j(c) = 3712*c - 21. Is j(1) a prime number?
True
Let v(j) be the third derivative of j**5/2 + 7*j**4/24 - 17*j**3/6 + 14*j**2. Is v(-8) composite?
False
Let j = 2018 - 3506. Let p = 1015 - j. Is p composite?
False
Let h(m) = 38*m + 5. Let v be h(2). Suppose -5*x + v + 1974 = 0. Is x a composite number?
True
Suppose -2*u - 3*b = -39146, -21237 - 57047 = -4*u - 4*b. Is u a prime number?
False
Let n = -3 + 1. Let p be 24384/60 + n/5. Suppose 2*l = 4*l - 5*t - p, -5*t = 3*l - 609. Is l composite?
True
Let q = 460 - 287. Let i = q + 189. Is i a composite number?
True
Let u(y) = 6*y**2 - 2*y**2 + 11*y**2 - 2*y + 4. Let c = 35 + -40. Is u(c) a prime number?
True
Let h be (-20)/(-25)*15/6. Suppose h*q - 94 - 404 = 0. Let s = -70 + q. Is s prime?
True
Is 2/(-4)*(25 - 27577/23) prime?
True
Suppose -283*n + 20 = -281*n. Let v(r) = 63*r - 43. Is v(n) prime?
True
Let p = 82 + -82. Suppose -2*s + 1947 = h, p = s + 5*h - 421 - 575. Is s composite?
False
Let h = -718 - -4809. Is h a prime number?
True
Let m = -1447 - -2505. Let p = m - 609. Suppose 5*n - 4*q = 1649, -p - 536 = -3*n - 2*q. Is n prime?
False
Suppose -366 = w - 7. Let c = 576 + w. Is c composite?
True
Let w(k) = 2*k**2 - 6*k + 10. Let z be w(3). Suppose -z*y + 2495 = -5*y. Is y composite?
False
Let k(y) = -y**3 + 8*y**2 - 13*y + 1. Let j be k(6). Let h(c) = -3*c + 2. Let a(z) = -z**2 - 6*z + 5. Let s(o) = -3*a(o) + 5*h(o). Is s(j) a prime number?
False
Suppose 5*s + z = 541, -3*z = 5*s - 324 - 209. Let l = 402 - s. Is l a composite number?
False
Suppose 3*b - 2*b = 0. Suppose -v + 689 = 3*n + 3*v, b = -2*n - 4*v + 466. Is n a composite number?
False
Let y(o) = 59*o**2 + 8*o + 44. Is y(-7) prime?
True
Is 14662000/110 + 3/33 a prime number?
False
Is (-458)/(6/(-8 + 2)) prime?
False
Let d be 1/(-2) - (-12711)/6. Let x = -899 + d. Suppose -729 = -4*s + x. Is s a prime number?
True
Let q(b) = b**3 + 3*b**2 + 9. Let m be q(-3). Is 10/15 + 1443/m a prime number?
False
Let z = 3362 + -111. Is z a composite number?
False
Let t(w) = -216*w**3 - w**2 - 2*w. Suppose 5*a + 7 + 8 = 2*l, -2*l = 5*a - 5. Is t(a) composite?
True
Let h(d) = -d + 4 + 6*d + 4 + d**2. Is h(-7) prime?
False
Suppose 3*r + 2*r - 1375 = 0. Let x = r + 213. Suppose -3*h = 4*l - 0*h - x, -5*l + 4*h + 579 = 0. Is l prime?
False
Let b(f) = -f**3 - 22*f - 7*f - 22*f + 11 - 12*f**2 + 20*f. Is b(-13) composite?
True
Suppose 0 = -i - 18*i + 664031. Is i a composite number?
False
Suppose 9 + 2 = -x - m, 3*x - 2*m + 23 = 0. Let k(n) = -3*n + 12. Is k(x) a prime number?
False
Let p(m) = m**2 - 7*m - 4. Let x be p(8). Suppose -99 = -x*f + 5. Suppose y = f + 383. Is y prime?
True
Suppose j + 17 = 3*z + 110, 2*j - 4*z - 182 = 0. Let r = 265 - j. Is r prime?
False
Let r be ((-12750)/(-24))/((-2)/8). Let p = 3186 + r. Is p a composite number?
False
Let n be (-3266)/(-4) - 6/4. Let t be ((-804)/(-9) + 0)*27/(-6). Let i = t + n. Is i prime?
False
Let r(w) = -w**3 - 5*w**2 + 5*w + 8. Let j be r(-6). Let p(u) = 82*u - 39. Is p(j) prime?
True
Suppose 47188 = 4*z - 2*c, 11797 = -z + 2*z + 4*c. Is z a composite number?
True
Let m(y) = -y**3 + 50*y**2 - 53*y - 71. Is m(45) prime?
True
Suppose -3*v = -4*s - 87431, -5*s = 2*v - 3*s - 58306. Is v prime?
False
Let v = -1247 - -807. Let h be 1/(-3) + v/(-24). Suppose -h*c - 353 = -19*c. Is c prime?
True
Let a(r) = -97*r**3 - 2*r**2 + 3*r - 2. Let j be a(1). Is (28/j - (-10)/(-14)) + 142 a prime number?
False
Let y(q) = -73*q**3 + 5*q**2 + 56*q - 9. Is y(-7) prime?
False
Let i(j) = -j**2 - 3*j + 2*j + 6*j - j**3 - 2*j**2. Let r be i(-7). Suppose -5*x + r = -2*t - 52, 2*t - 2 = 0. Is x a composite number?
False
Let m(q) = 5*q - 19. Let z be m(7). Suppose -11*k = -z*k + 275. Is k prime?
False
Suppose 0 = 16*m - 13*m - 15. Suppose -3*a - 5517 = -5*c, c - 1121 = -0*c + m*a. Is c a prime number?
False
Let l be 3/(2026/1010 - 2). Let g = 932 - l. Is g prime?
False
Suppose -m - 1 = -3. Suppose 3*p - 4 - m = 0. Let u(j) = 9*j**3 + j**2 + 2*j - 1. Is u(p) composite?
False
Let a = 53 + 510. Is a a composite number?
False
Let l = 10 - 0. Suppose -7*n + 87 = -11. Suppose -n*h + 4468 = -l*h. Is h a prime number?
True
Let v(z) be the t